 of 173725146?
True
Is 453221245 a multiple of 807?
False
Is 285 a factor of 68417100?
True
Is 4710205952 a multiple of 256?
True
Is 20 a factor of 135634300?
True
Is 5578 a factor of 195983030?
True
Is 366258879 a multiple of 13?
False
Is 517478384 a multiple of 1987?
True
Does 20 divide 59552892?
False
Is 154454693 a multiple of 8?
False
Is 74335236 a multiple of 6?
True
Is 248810 a multiple of 695?
True
Is 42423048 a multiple of 57?
True
Does 666 divide 8504108?
False
Is 190 a factor of 25655890?
True
Does 73 divide 137148869?
False
Is 87 a factor of 28448439?
False
Is 26464133 even?
False
Does 1704 divide 307230627?
False
Is 4 a factor of 34472676?
True
Is 606490885 a multiple of 5454?
False
Is 9 a factor of 10416582?
True
Does 8 divide 262518626?
False
Is 368707063 a multiple of 123?
False
Is 1459 a factor of 2195105673?
False
Does 9 divide 548621847?
True
Does 274 divide 985696094?
True
Is 168 a factor of 15723960?
True
Is 792 a factor of 59430096?
True
Is 113130397 a multiple of 8?
False
Is 7427264 a multiple of 416?
True
Does 139 divide 50557358?
True
Is 54 a factor of 70478324?
False
Is 101 a factor of 155447181?
True
Does 11 divide 29018?
True
Is 212364871 a multiple of 675?
False
Is 694 a factor of 91569601?
False
Is 259119573 a multiple of 7?
False
Does 82 divide 161048325?
False
Is 70238458 a multiple of 23?
True
Does 21 divide 21545076?
True
Does 1086 divide 4793604?
True
Does 18 divide 797166036?
True
Is 160136781 a multiple of 75?
False
Does 1070 divide 26133087?
False
Does 203 divide 12049553?
False
Is 269478875 a multiple of 25?
True
Is 11 a factor of 12626629?
False
Is 2 a factor of 86371862?
True
Does 25 divide 3302893?
False
Is 12 a factor of 4189282248?
True
Is 26568420 a multiple of 15?
True
Is 266 a factor of 1197996968?
True
Is 50 a factor of 237548700?
True
Is 41974002 a multiple of 57?
True
Is 8646061 a multiple of 113?
False
Is 346564691 a multiple of 449?
True
Is 80502 even?
True
Is 8 a factor of 135667303?
False
Is 49711118 a multiple of 1283?
True
Is 1637352 a multiple of 2?
True
Is 36 a factor of 2765995704?
True
Is 891555705 a multiple of 3735?
True
Is 2736 a factor of 5147217648?
True
Does 7 divide 11990013?
True
Is 325304758 a multiple of 2363?
True
Does 122 divide 91281010?
True
Does 646 divide 628288618?
True
Does 28 divide 858277868?
True
Is 49 a factor of 1648120?
False
Is 13706897 a multiple of 87?
False
Does 10 divide 32619340?
True
Is 1159 a factor of 400226580?
False
Is 31058391 a multiple of 377?
True
Is 51 a factor of 30154473?
False
Does 99 divide 22154813?
False
Is 138 a factor of 10132098?
True
Does 3492 divide 976471452?
True
Is 26643621 a multiple of 902?
False
Is 212 a factor of 63964216?
True
Does 171 divide 94973058?
True
Is 88062916 a multiple of 5371?
True
Does 507 divide 56804551?
False
Is 26 a factor of 22849868?
False
Is 12480 a multiple of 10?
True
Is 46667550 a multiple of 34?
True
Is 142 a factor of 382049296?
True
Does 9 divide 120925521?
True
Is 492 a factor of 153010524?
True
Does 2541 divide 511376633?
False
Does 1018 divide 19483502?
True
Does 12404 divide 2413471750?
False
Is 541789325 a multiple of 1085?
True
Does 17 divide 52039681?
False
Does 12 divide 35477328?
True
Does 969 divide 53025618?
True
Is 149382744 a multiple of 417?
True
Is 511 a factor of 1107863716?
False
Is 27343050 a multiple of 150?
True
Is 123 a factor of 32803116?
True
Does 53 divide 458082816?
True
Is 87946981 a multiple of 560?
False
Is 449 a factor of 753422?
True
Does 1048 divide 537916013?
False
Is 492684060 a multiple of 2508?
True
Does 73 divide 545027145?
False
Does 109 divide 8870988?
False
Is 95 a factor of 473534245?
True
Is 535 a factor of 556272135?
True
Is 1413 a factor of 193028194?
False
Is 250115580 a multiple of 11?
True
Is 22186760 a multiple of 10?
True
Does 3 divide 61152781?
False
Does 4450 divide 847322895?
False
Is 3029796504 a multiple of 42?
True
Does 22 divide 1763742354?
True
Is 75124824 a multiple of 229?
True
Does 136 divide 41748736?
True
Is 38647520 a multiple of 95?
True
Is 7 a factor of 52896991?
True
Does 97 divide 492809276?
True
Is 754 a factor of 39663353?
False
Is 758137 a multiple of 1504?
False
Is 221100766 a multiple of 6638?
False
Is 1469077330 a multiple of 35?
True
Is 308550060 a multiple of 126?
True
Is 30619488 a multiple of 304?
True
Does 63 divide 10857231?
True
Is 169 a factor of 25167509?
False
Is 125 a factor of 31356875?
True
Does 80 divide 262981014?
False
Does 13 divide 68015714?
True
Is 739152446 a multiple of 31?
False
Does 1489 divide 21852564?
True
Is 71537642 a multiple of 16?
False
Is 22 a factor of 33069469?
False
Is 81 a factor of 95974389?
True
Is 19 a factor of 395918884?
True
Does 10 divide 22640060?
True
Is 2 a factor of 8834268?
True
Does 21 divide 657297918?
False
Is 17675328 a multiple of 176?
True
Is 152960440 a multiple of 764?
True
Is 37847382 a multiple of 254?
False
Is 1171 a factor of 253988075?
False
Does 11 divide 181825391?
True
Is 588118245 a multiple of 487?
True
Does 3030 divide 522426540?
True
Is 280 a factor of 1620061869?
False
Is 716 a factor of 222239956?
True
Does 295 divide 150189810?
True
Is 190107668 a multiple of 1156?
True
Is 676109 a multiple of 197?
False
Is 31770344 a multiple of 238?
False
Is 138 a factor of 3468613491?
False
Does 101 divide 56115033?
False
Is 201174420 a multiple of 30?
True
Is 221 a factor of 72809334?
True
Is 15005085 a multiple of 11?
False
Is 306312584 a multiple of 16?
False
Is 67529762 a multiple of 1006?
True
Is 1084 a factor of 305973836?
False
Does 122 divide 154065260?
True
Does 2151 divide 115463529?
True
Is 67 a factor of 36314?
True
Is 17 a factor of 2540522415?
True
Does 82 divide 106400658?
True
Is 12 a factor of 31569828?
True
Is 9229988 a multiple of 5?
False
Is 176813944 a multiple of 557?
False
Is 152181171 a multiple of 7677?
True
Is 461949120 a multiple of 3480?
True
Is 1023696 a multiple of 12?
True
Does 876 divide 130921704?
True
Is 10831887 a multiple of 33?
True
Is 3205 a factor of 729328789?
False
Is 113 a factor of 170200487?
True
Does 234 divide 2723994?
True
Is 12 a factor of 62435075?
False
Is 8056454 a multiple of 9?
False
Is 10746897 a multiple of 66?
False
Is 11264438 a multiple of 34?
True
Does 8 divide 15801624?
True
Is 56273965 a multiple of 1500?
False
Is 948487880 a multiple of 84?
False
Is 20054923 a multiple of 2723?
False
Is 6 a factor of 64385238?
True
Is 879 a factor of 102055127?
False
Is 3797305 even?
False
Does 536 divide 54719963?
False
Does 4 divide 854603?
False
Does 5 divide 417510?
True
Does 1043 divide 177720942?
True
Is 1051 a factor of 30601040?
False
Is 2462 a factor of 36765847?
False
Is 4831334 a multiple of 23?
True
Is 3426806060 a multiple of 166?
True
Does 26 divide 118297218?
True
Is 97158401 a multiple of 18?
False
Is 6115624 a multiple of 4?
True
Is 45459122 a multiple of 17?
True
Does 4674 divide 649718718?
True
Is 11 a factor of 185557113?
False
Is 109587464 a multiple of 2968?
True
Is 3 a factor of 3445326?
True
Is 1463138339 a multiple of 6593?
True
Is 7 a factor of 303313005?
False
Does 11 divide 383782504?
False
Is 1017 a factor of 3019484187?
True
Is 16 a factor of 71829831?
False
Is 80 a factor of 109362042?
False
Is 207810304 a multiple of 164?
True
Does 310 divide 107268469?
False
Is 453920079 a multiple of 3?
True
Is 73734943 a multiple of 822?
False
Does 93 divide 64912326?
True
Is 171323624 a multiple of 10?
False
Is 15258056 a multiple of 44?
True
Is 23 a factor of 511943890?
True
Is 270 a factor of 1660230?
True
Does 538 divide 73355762?
True
Is 13 a factor of 5138692?
True
Does 3586 divide 78377580?
False
Is 19023895 a multiple of 55?
True
Is 452107612 a multiple of 48?
False
Is 4033 a factor of 56416971?
False
Is 11 a factor of 118328484?
False
Is 3786328910 a multiple of 238?
True
Is 57713323 a multiple of 1183?
False
Is 20882106 a multiple of 754?
False
Is 136296128 a multiple of 32?
True
Is 95451839 a multiple of 133?
True
Does 346 divide 250470438?
True
Is 2 a factor of 547440601?
False
Is 111744334 a multiple of 53?
False
Does 10 divide 2680390675?
False
Is 583920920 a multiple of 11?
True
Is 2474746545 a multiple of 1965?
True
Does 135 divide 41694210?
True
Is 3677328690 a multiple of 21?
True
Does 11 d